is divided by 254.
23
Calculate the remainder when 995886 is divided by 600.
486
What is the remainder when 117626828 is divided by 137?
135
Calculate the remainder when 54943325 is divided by 3419.
3414
Calculate the remainder when 66232 is divided by 14.
12
What is the remainder when 199410 is divided by 1279?
1165
Calculate the remainder when 555337 is divided by 337.
298
What is the remainder when 98191298 is divided by 299?
296
Calculate the remainder when 456332 is divided by 2870.
2
What is the remainder when 6256594 is divided by 1042765?
4
What is the remainder when 319618 is divided by 728?
26
Calculate the remainder when 7158 is divided by 6773.
385
Calculate the remainder when 2142022 is divided by 59.
27
What is the remainder when 37813990 is divided by 256?
230
What is the remainder when 51874136 is divided by 691655?
11
What is the remainder when 3461538 is divided by 142?
4
Calculate the remainder when 3472862 is divided by 1900.
1562
Calculate the remainder when 88483 is divided by 243.
31
What is the remainder when 95999088 is divided by 55?
53
What is the remainder when 57006563 is divided by 56?
19
What is the remainder when 1055043 is divided by 1053336?
1707
Calculate the remainder when 284691 is divided by 4234.
1013
Calculate the remainder when 58868 is divided by 1372.
1244
Calculate the remainder when 5351128 is divided by 952.
888
What is the remainder when 17810822 is divided by 8905394?
34
What is the remainder when 621760 is divided by 32714?
194
What is the remainder when 40577 is divided by 160?
97
Calculate the remainder when 8615727 is divided by 220916.
3
Calculate the remainder when 37282486 is divided by 149.
4
Calculate the remainder when 292014 is divided by 627.
459
What is the remainder when 45467 is divided by 8856?
1187
What is the remainder when 803036 is divided by 112?
108
What is the remainder when 24046 is divided by 9020?
6006
Calculate the remainder when 2203925 is divided by 1826.
1769
What is the remainder when 22570 is divided by 99?
97
Calculate the remainder when 6282786 is divided by 1047129.
12
Calculate the remainder when 8135904 is divided by 22.
18
What is the remainder when 427099 is divided by 73?
49
What is the remainder when 844822 is divided by 422382?
58
What is the remainder when 1181626 is divided by 22?
6
What is the remainder when 31791394 is divided by 1274?
1272
Calculate the remainder when 16569197 is divided by 18.
17
Calculate the remainder when 30251 is divided by 820.
731
Calculate the remainder when 28260390 is divided by 13.
2
Calculate the remainder when 769603 is divided by 45168.
1747
Calculate the remainder when 10487 is divided by 7266.
3221
What is the remainder when 6676956 is divided by 667692?
36
Calculate the remainder when 96346 is divided by 24030.
226
What is the remainder when 1119764 is divided by 373253?
5
Calculate the remainder when 80425 is divided by 11033.
3194
What is the remainder when 425905 is divided by 7098?
25
What is the remainder when 990120 is divided by 494882?
356
Calculate the remainder when 30795060 is divided by 268.
252
What is the remainder when 2742779 is divided by 3353?
25
Calculate the remainder when 30856876 is divided by 394.
372
Calculate the remainder when 16517261 is divided by 394.
387
Calculate the remainder when 1831740 is divided by 726.
42
What is the remainder when 5681005 is divided by 19522?
103
What is the remainder when 26814123 is divided by 1116?
1107
What is the remainder when 16358885 is divided by 126?
53
Calculate the remainder when 669205 is divided by 23900.
5
Calculate the remainder when 459746 is divided by 3765.
416
Calculate the remainder when 1035473 is divided by 35.
33
Calculate the remainder when 62843 is divided by 4196.
4099
What is the remainder when 8881191 is divided by 28?
11
Calculate the remainder when 1058943 is divided by 545.
8
What is the remainder when 640419 is divided by 1354?
1331
What is the remainder when 22141667 is divided by 907?
890
Calculate the remainder when 742597 is divided by 30941.
13
What is the remainder when 1545574 is divided by 1682?
1498
What is the remainder when 103432 is divided by 6524?
5572
What is the remainder when 9929812 is divided by 19702?
4
Calculate the remainder when 926936 is divided by 664.
656
What is the remainder when 70422 is divided by 11373?
2184
Calculate the remainder when 753992 is divided by 99.
8
What is the remainder when 22435774 is divided by 1698?
100
What is the remainder when 93886 is divided by 245?
51
What is the remainder when 2064 is divided by 8?
0
What is the remainder when 289128 is divided by 5131?
1792
What is the remainder when 7469682 is divided by 2489727?
501
Calculate the remainder when 23455689 is divided by 25440.
9
Calculate the remainder when 228189 is divided by 2008.
1285
What is the remainder when 28778 is divided by 972?
590
Calculate the remainder when 101407 is divided by 3056.
559
Calculate the remainder when 147892 is divided by 815.
377
Calculate the remainder when 23181691 is divided by 2013.
1996
Calculate the remainder when 207151 is divided by 18831.
10
Calculate the remainder when 4721862 is divided by 363220.
2
Calculate the remainder when 77121 is divided by 142.
15
Calculate the remainder when 608037 is divided by 151999.
41
Calculate the remainder when 3358694 is divided by 839665.
34
Calculate the remainder when 7850588 is divided by 548.
488
Calculate the remainder when 452151 is divided by 64413.
1260
Calculate the remainder when 21164294 is divided by 2116428.
14
Calculate the remainder when 658948683 is divided by 43.
42
Calculate the remainder when 141675740 is divided by 283.
280
What is the remainder when 2115547 is divided by 290?
287
Calculate the remainder when 86019633 is divided by 341.
337
Calculate the remainder when 295374 is divided by 7618.
5890
What is the remainder when 114554250 is divided by 338?
304
What is the remainder when 2006683797 is divided by 940?
937
Calculate the remainder when 342301 is divided by 1545.
856
What is the remainder when 1270100 is divided by 1698?
1694
What is the remainder when 840591 is divided by 23325?
891
What is the remainder when 199087868 is divided by 32?
28
Calculate the remainder when 4383171 is divided by 27.
18
Calculate the remainder when 7269013 is divided by 1786.
1779
What is the remainder when 19726 is divided by 9851?
24
Calculate the remainder when 35100343 is divided by 551.
541
What is the remainder when 7099097 is divided by 63954?
203
Calculate the remainder when 3215587 is divided by 1274.
11
Calculate the remainder when 5430958 is divided by 12.
10
What is the remainder when 530497 is divided by 265242?
13
What is the remainder when 74748953 is divided by 8305439?
2
Calculate the remainder when 162724 is divided by 2921.
2069
What is the remainder when 27866856 is divided by 9288950?
6
What is the remainder when 3376233 is divided by 912?
9
Calculate the remainder when 80096 is divided by 13293.
338
What is the remainder when 1211627 is divided by 2019?
227
What is the remainder when 943809 is divided by 641?
257
What is the remainder when 488850 is divided by 34914?
54
Calculate the remainder when 26361 is divided by 82.
39
Calculate the remainder when 2449843 is divided by 2984.
2963
Calculate the remainder when 404009347 is divided by 11684.
11679
Calculate the remainder when 36165965 is divided by 22.
11
What is the remainder when 330784 is divided by 105?
34
What is the remainder when 1622452 is divided by 13867?
13
What is the remainder when 2527162 is divided by 6?
4
What is the remainder when 36680213 is divided by 377?
375
What is the remainder when 499203 is divided by 656?
643
What is the remainder when 1490201 is divided by 48067?
124
What is the remainder when 45057 is divided by 44978?
79
What is the remainder when 266607 is divided by 1482?
1329
Calculate the remainder when 4043730 is divided by 10.
0
Calculate the remainder when 605548 is divided by 154.
20
Calculate the remainder when 1566755 is divided by 108.
107
What is the remainder when 140017 is divided by 73?
3
Calculate the remainder when 980181 is divided by 18148.
189
Calculate the remainder when 72745 is divided by 4408.
2217
Calculate t